t is the greatest common factor of 12500 and 280?
20
What is the highest common divisor of 4 and 288336?
4
What is the greatest common divisor of 168 and 4296?
24
What is the greatest common divisor of 16468 and 184?
92
Calculate the highest common factor of 10989099 and 1089.
1089
What is the highest common divisor of 25 and 15555?
5
Calculate the greatest common factor of 336 and 13944.
168
What is the greatest common divisor of 215176 and 104?
104
Calculate the greatest common divisor of 11766 and 2226.
318
What is the highest common factor of 669806 and 322?
46
What is the highest common divisor of 374 and 603262?
374
Calculate the greatest common factor of 56 and 4634.
14
What is the highest common factor of 161202 and 96?
6
Calculate the highest common divisor of 7037 and 992.
31
Calculate the highest common divisor of 4817 and 35.
1
Calculate the greatest common divisor of 66994 and 410134.
1634
Calculate the greatest common divisor of 2465 and 267525.
145
Calculate the greatest common divisor of 4322 and 58.
2
What is the highest common divisor of 30976 and 248?
8
Calculate the greatest common divisor of 3069882 and 116.
58
Calculate the highest common factor of 792 and 755172.
396
Calculate the greatest common factor of 5395 and 1001.
13
What is the greatest common divisor of 846 and 9036?
18
Calculate the highest common factor of 112 and 10759.
7
What is the highest common factor of 6630 and 38760?
510
Calculate the greatest common divisor of 455875 and 625.
125
Calculate the greatest common divisor of 7561426 and 334.
334
Calculate the greatest common factor of 18340 and 700.
140
What is the highest common factor of 140107 and 470?
47
What is the highest common divisor of 1100435 and 322?
161
Calculate the highest common divisor of 552 and 5304.
24
What is the greatest common divisor of 44 and 1106666?
22
What is the greatest common divisor of 5587 and 1?
1
What is the highest common divisor of 46030 and 20?
10
Calculate the greatest common divisor of 1233 and 77131.
137
What is the greatest common divisor of 6407 and 212921?
149
What is the highest common factor of 25140 and 26520?
60
What is the highest common divisor of 28330 and 2?
2
Calculate the highest common divisor of 137053 and 98.
49
Calculate the greatest common factor of 1206 and 19134.
18
What is the highest common factor of 6612 and 8004?
348
Calculate the greatest common divisor of 3551414 and 94.
94
What is the highest common divisor of 2542 and 97252?
82
What is the highest common divisor of 75589 and 807?
269
Calculate the highest common divisor of 209 and 9852887.
209
What is the greatest common divisor of 522 and 575186?
58
What is the highest common divisor of 3645 and 1125?
45
Calculate the greatest common divisor of 98 and 720790.
98
Calculate the highest common divisor of 30851 and 3.
1
What is the highest common factor of 132692 and 36?
4
Calculate the highest common factor of 745 and 1065.
5
What is the greatest common divisor of 123130 and 245?
35
Calculate the greatest common factor of 196 and 11522.
14
What is the highest common divisor of 65 and 263705?
65
Calculate the highest common factor of 64 and 900560.
16
Calculate the greatest common divisor of 398835 and 360.
45
What is the highest common divisor of 22509 and 362889?
549
Calculate the greatest common divisor of 2100 and 34020.
420
What is the highest common divisor of 302583 and 102?
51
What is the highest common divisor of 475605 and 65?
65
What is the highest common divisor of 104961 and 1593?
177
What is the highest common factor of 14 and 117649?
7
What is the greatest common divisor of 3653 and 2529?
281
What is the highest common divisor of 548 and 12?
4
What is the highest common factor of 10 and 14038?
2
Calculate the greatest common divisor of 2 and 1108628.
2
Calculate the highest common divisor of 1798 and 275404.
62
What is the greatest common divisor of 77808 and 96?
48
Calculate the greatest common divisor of 12599 and 77357.
43
What is the greatest common divisor of 4262 and 438?
2
What is the greatest common divisor of 263970 and 30?
30
What is the highest common factor of 520 and 643040?
40
What is the highest common factor of 260188 and 12?
4
Calculate the highest common divisor of 3516 and 1.
1
What is the highest common divisor of 185 and 155?
5
Calculate the highest common divisor of 2783246 and 16336.
2042
What is the highest common factor of 9834 and 182674?
298
Calculate the highest common divisor of 105 and 72492.
21
What is the greatest common factor of 40 and 392?
8
Calculate the highest common divisor of 811772 and 442.
26
What is the greatest common factor of 1509475 and 2200?
275
Calculate the highest common factor of 956 and 95839.
239
What is the highest common factor of 9922 and 23111?
121
What is the highest common factor of 2110 and 1030?
10
Calculate the greatest common divisor of 16068 and 1030.
206
Calculate the highest common factor of 4432 and 24.
8
What is the highest common divisor of 2 and 5326?
2
What is the greatest common factor of 15059 and 1639?
11
What is the greatest common factor of 1860 and 16585?
155
What is the highest common factor of 63189 and 2655?
531
What is the highest common factor of 282329 and 47?
47
What is the greatest common factor of 3812900 and 8190?
910
Calculate the highest common divisor of 240072 and 168.
168
Calculate the highest common factor of 700 and 85600.
100
Calculate the highest common factor of 338 and 2523872.
26
What is the highest common factor of 1233 and 7794?
9
What is the greatest common factor of 5239 and 837?
31
What is the greatest common factor of 961210 and 10?
10
Calculate the greatest common factor of 517787 and 22810.
2281
What is the greatest common divisor of 38455 and 65?
5
What is the highest common factor of 2964 and 3120?
156
What is the greatest common divisor of 82 and 6003056?
82
Calculate the greatest common divisor of 72 and 148788.
36
What is the greatest common divisor of 476 and 161924?
28
Calculate the greatest common factor of 3536 and 536.
8
What is the highest common divisor of 15 and 39715?
5
What is the greatest common divisor of 31889 and 1001?
143
Calculate the highest common factor of 40300 and 136175.
325
What is the highest common factor of 50 and 778075?
25
What is the highest common divisor of 3568 and 6467?
223
Calculate the greatest common divisor of 35647 and 43.
43
Calculate the highest common factor of 24 and 87432.
24
Calculate the greatest common divisor of 14663 and 490699.
341
Calculate the greatest common divisor of 28 and 25508.
28
Calculate the greatest common divisor of 31 and 658347.
31
Calculate the greatest common factor of 2394 and 81.
9
What is the highest common factor of 1750 and 12040?
70
Calculate the greatest common factor of 67932 and 108.
108
What is the greatest common factor of 294 and 22246?
98
Calculate the greatest common divisor of 26344 and 27232.
296
Calculate the greatest common divisor of 1470 and 39347.
49
Calculate the greatest common divisor of 57456 and 360.
72
Calculate the highest common divisor of 171801 and 2828.
707
Calculate the highest common factor of 399 and 37919.
7
Calculate the highest common factor of 48 and 2574.
6
Calculate the highest common factor of 2060 and 124630.
1030
What is the greatest common factor of 58000 and 12528?
464
What is the highest common factor of 5835 and 45?
15
Calculate the greatest common factor of 172080 and 480.
240
What is the highest common factor of 45 and 259197?
3
What is the greatest common divisor of 151467 and 957?
87
What is the highest common divisor of 107 and 195061?
107
Calculate the highest common divisor of 588 and 97216.
196
What is the greatest common divisor of 87 and 27645033?
87
Calculate the greatest common factor of 4979 and 10724.
383
What is the highest common factor of 400866 and 213?
213
Calculate the greatest common divisor of 18926 and 2.
2
Calculate the highest common factor of 5176 and 5816.
8
What is the greatest common factor of 43373 and 88?
11
What is the greatest common factor of 98022 and 2176?
34
What is the highest common divisor of 759 and 1162029?
759
What is the highest common divisor of 67048 and 1624?
232
What is the greatest common divisor of 1